387))
32
What is the value of -9 + 4 + 11 + -17 + 2 + 10?
1
Calculate (2 - 16 - (-13 + -26)) + (5 + -9 - 7).
14
What is the value of 16 + -13 + 63 - (28 + -17 + -5)?
60
What is the value of 13 + (27 - 2) - 37 - -83?
84
Calculate -7 - ((3 - 8) + 6 - (56 + -19 - 34)).
-5
Evaluate 47 - (2 - 14 - -24 - -1).
34
What is the value of -8 - -1 - (-68 + (14 + -10 + 13 - 8))?
52
Evaluate (-42 + 15 - (-10 - -1)) + (14 - 8).
-12
Evaluate (14 - 23) + -18 + (11 - -22) + 5 + -3.
8
Calculate 1 + 33 + (1634 - 1675) + -17.
-24
Calculate -58 + (1 - (-4 + -7 + -2)).
-44
-1 + 117 + (29 - (-81 + 98))
128
Calculate 11 + (64 + -34 - 40).
1
7 - (64 + -37 + -67)
47
What is the value of -15 + (-1 - 2 - (-11 + 92) - (-335 + 331))?
-95
What is 22 + -2 + 101 + -55?
66
Calculate (130 - (-144 - -292)) + (-79 - -2).
-95
What is 12 + (1 - (27 + -8)) + (-23 - -97)?
68
((-14 - -30) + -9 - (-3 - -46)) + -9
-45
Evaluate -13 - -39 - (72 - 53).
7
Evaluate ((-70 - -50) + 39 - (1 + 9)) + -2.
7
(-64 - -100) + -17 + -1 + 18 - 7
29
Evaluate 10 + -2 + 12 + (-14 - (2 - -45)).
-41
What is (-58 - -39) + (6 + (-30 - -11) - -83)?
51
What is 11 - 0 - ((-93 - 32) + 67 + -54)?
123
89 + (-216 - -38) - -117
28
(-2 - -5 - -3) + (-389 - -406)
23
What is the value of (357 - (-67 - -223)) + -51?
150
(-111 - -100 - (62 + -1)) + (-4 - -12)
-64
Evaluate -4 + (76 - 52) + -14.
6
What is the value of 48 + -9 + 0 + -22?
17
Calculate 14 + ((6 - 15) + 10 - 2).
13
(7 - (39 - 13)) + -32 + 7 + 5
-39
What is (17 - -1) + -39 + -131 + 145?
-7
What is the value of 8 + (-9 - 2 - (27 + (-27 - 29)))?
26
What is -4 + (-1 - -7) - (-44 + (-15 - (3 - 17)))?
47
What is the value of (1 - (-4 + 3 + 3)) + (-13 - -47 - -44)?
77
33 + 7 + -6 + -41 + (-12 - -37)
18
Calculate 22 + (48 + -10 - 67 - -119).
112
Calculate (-1 - 2) + (-31 - (-33 + 22 + -38)).
15
What is -14 + (-44 - 5) - -100?
37
-20 - (4 + 0 + (-6 - 9 - -21))
-30
Calculate (35 - 1) + -598 + 598.
34
What is -103 + 291 - 174 - (-1 - (0 + -104))?
-89
What is the value of (-18 - -6 - (5 + (4 - 10))) + 8 - 57?
-60
Evaluate -22 + -78 + 310 + -88.
122
What is -1 + 2 + -26 + (16 - (-19 - -32)) - 3?
-25
Calculate 6 - 40 - 5 - (-139 - -148).
-48
Evaluate 45 - (-71 + 133 + 34).
-51
40 - (-35 + 63) - (3 - -1 - 32)
40
Evaluate (7 + -22 - 10) + 3 - 30.
-52
Evaluate -23 - (-36 - 2) - (-7 + 1 - -8).
13
What is (20 + 1 - ((92 - -62) + -123)) + 131?
121
-16 + -1 + 130 + -144 + (129 - -9)
107
What is the value of (-45 - -125) + 4 - ((24 - 4) + 1)?
63
What is (-38 - -5) + 97 + -17 - -30?
77
Calculate 21 - (53 + (8 - 39)) - 86.
-87
38 + (-110 - 2) - (-24 - -3)
-53
What is 110 - (-5 + 2 + (-2 - -5) - -24 - 14)?
100
What is -12 + 34 - 29 - 2 - 1?
-10
Evaluate -6 + (-7 - -18) + -7 + -12 + -3.
-17
Evaluate (-4 - 41 - -5) + 6 + 11.
-23
Calculate (39 + 69 - 217) + 153.
44
Calculate (-26 + -22 - -23) + 9 - (-4 + 9).
-21
Evaluate 2 + (1 - 7) + (881 - 912).
-35
What is 99 - (26 + 22 + 19 + -40)?
72
What is the value of (0 - 0) + 3 - 56 - (10 - (-21 + 32))?
-52
What is 6 - ((0 - -1 - 0 - 10) + (236 - 229))?
8
6 + -3 + 4 + -11 + (-13 + -7 - -7)
-17
What is (2 + -2 - (20 - (5 + 4 + -1))) + 0?
-12
Calculate -41 + (-6 - -53) + 7 - 150.
-137
14 + -65 + -6 - -79
22
Evaluate (8 - (11 + 9 + 5) - -3) + (4 - 2).
-12
25 + (-41 - -68) + -72
-20
-4 - (-12 - (-9 + 8) - (39 - 65))
-19
Calculate 30 + -33 - -31 - 24.
4
What is (5 - -5) + (-121 - -115 - (-1 - (-1 - 55)))?
-51
Evaluate 26 + (6 + -31 - (12 - -4)) - (-137 + -1).
123
Evaluate 13 - (-54 - -149 - 71).
-11
-6 + -4 - (-32 - -39) - 69 - 2
-88
What is the value of 6 + 83 + -18 + -123?
-52
What is 13 + -15 + (10 - (9 + -14 - -5))?
8
Calculate 10 + -20 + -8 + 8 - -3.
-7
-1 + (-1 - (12 + -3)) - (-1525 - -1533)
-19
Evaluate -90 + (0 - 1 - (13 + 18 - 35 - -3)).
-90
What is (-1 - 6) + -2 + 4?
-5
What is the value of (-2 - 4) + (112 - 100) + (-3 + 1 - -8)?
12
(-13 - (5 - 9)) + (15 + -2 - 23)
-19
(2151 - 2143) + 0 + (13 - -2 - 1)
22
Evaluate -87 + (-2 - 32) + 59.
-62
(-6 - -46) + -9 + 4 + -8
27
Evaluate 57 + -192 - (-112 - -38).
-61
Calculate (423 - 311) + (9 - 253).
-132
20 + (-512 - -519 - (-6 + (-4 - -2 - -2)))
33
(0 - 2) + -4 - (4 + -21 - (-721 - -719))
9
Calculate 37 - (5 - 1) - (-1391 - -1431).
-7
What is the value of -1 - (50 + (121 - 272))?
100
What is 0 + ((0 - -7) + -7 - 155) + 7 - -12?
-136
Calculate (0 + -1 + -4 + -2 - (831 + -837)) + -75.
-76
What is the value of -15 + (1 - -1 - ((9 - 21) + 15 - -1))?
-17
Evaluate 7 + -16 + 7 + 5 + 23.
26
57 + (-7 - (-6 - (26 - 32) - (2 - -1)))
53
Evaluate 289 - 273 - (4 - 0) - -32.
44
What is the value of 27 + 16 + 1 + (-372 - -348) + 83?
103
What is the value of -6 - (-231 - -236 - (-1 - (1 - 1)) - -20)?
-32
Calculate -149 + (127 - -219) + -149.
48
What is the value of 13 - (15 + -4) - ((1 - 0) + -33 + -4)?
38
Evaluate (4 - -45) + (23 - 4) + (5 - (-2 - -16)).
59
What is 1 + 39 + -341 + 359?
58
What is (11 - -1 - (-2513 - -2457)) + (9 - 1)?
76
Evaluate 18 + -21 + 88 + -99 + 2 + 4.
-8
Calculate 0 - (-41 - 1) - (52569 - 52539).
12
Evaluate (36 - 44) + 2 + 7 - -9.
10
Calculate (21 - 16 - (-4 - (-58 + -5))) + 3.
-51
28 + (21 - -3) + -41
11
Calculate 17 - (113 + -118 + -21 + 7).
36
-6 - 2 - (17 - (27 + 15) - 1)
18
Evaluate 8 - ((0 - -13) + (-191 - -190) + 52).
-56
Calculate (32 - (90 - 44)) + (1 - -29) + -10.
6
What is the value of -49 + (-82 - -83 - -57)?
9
Evaluate -5 + -25 + 41 + -54.
-43
What is 9 - -11 - 11 - 22 - (12 - -8)?
-33
What is 60 + -4 + -155 - (39 + 3)?
-141
-52 + (-26 + 20 - -53)
-5
What is the value of (-17 + 0 - (-61 - -80)) + (10 - -2) + -8?
-32
Evaluate 46 - (-56 + 97) - 14.
-9
28 - 25 - (8 + 49 - -9)
-63
What is (-10 - -10 - -6 - 15) + 6 + -20?
-23
What is the value of 34 + -65 + -34 - (-1 + 14 + -8)?
-70
23 + 13 - 52 - -53
37
What is (-20 - 30) + 19 + -164 + 93?
-102
What is the value of -12 + (8 - -22) - (-44 + -26)?
88
What is the value of -3 + 5 + -7 + 7 + (30 + 22 - 36)?
18
Evaluate 1 + 64 - (60 - (69 - (26 + 5))).
43
What is -36 + (-7 - -64) + -32?
-11
Calculate 81 + -109 - (-109 - 7) - 25.
63
What is the value of 3 - 12 - ((4 - (0 - 1)) + 4)?
-18
What is the value of 5 + 2 + 4 + (1 - -5) + -12 + -15?
-10
Evaluate 528 + -550 + -2 + 43 + (5 - (-2 - 1)).
27
What is 0 - -2 - (-112 - (-43 - 40))?
31
What is -20 - (-3 - -2 - (50 + -28))?
3
What is -6 + -16 + 78 + -70 + -31?
-45
-67 + (-10 - -74) + -32
-35
Evaluate 101 + (-58 - -44) + 8 + -32.
63
Calculate -22 - (3 - -1) - 4 - (-39 - -28).
-19
What is the value of -14 - 0 - (-50 - -57 - 39)?
18
What is the value of -117 + -22 + 137 - (-2 + 1 - 73)?
72
Calculate -72 + 113 + (1 - 27).
15
What is 43 + (245 - 253) + -2 + 6?
39
(-82 - 0) + (-1333 - -1373)
-42
Calculate -87 - (-71 - 7) - (-3 + 1 + -1 - -10).
-16
What is -3 - (-9 + (3 - 1) - 19) - -8?
31
Evaluate (-121 - -133) + -9 + 0 + (-44 - 4).
-45
Evaluate 5 + -7 - -1 - (92 - 91).
-2
Calculate (4 - -217) + -101 + (10 - 0 - (-1 - -1)).
130
-23 - 22 - -15 - (-2 - -85)
-113
32 + (5 - 16) + -28 + 68 + (1 - 0)
62
Evaluate -30 - (-2 + -3 + 3 + -6 + (10 - -4)).
-36
What is the value of 56 - (-23 - (-84 + 21 - -21))?
37
Evaluate 0 + -5 + 1 - (-24 - -12) - (-2843 - -2938).
-87
(-37 - -39) + 13 + (-48 + 2 - -1)
-30
Calculate (73 + 0 - (-118 - -84)) + -17.
90
What is the value of 42 - (79 + 16 + -47)?
-6
Evaluate (-21 + 17 - 8) + 14 - (-83 + 17).
68
What is the value of -8 - ((-2 + (-10 - -6) - -7) + 31)?
-40
-3 - (-21 + -6 - (1 + (5 - 18))) - 101
-89
What is -3 + 32 + (-14 + 27 - -10)?
52
Calculate (110 - 44 - -29) + -93.
2
What is (-3 - 14) + -12 - (-259 + 271)?
-41
-53 + 107 + (-5 + -9 + 8 - 2)
46
Evaluate (-257 - -248 - (0 - 7)) + (-3 + 2 - -43).
40
Evaluate (-8 + (1 - 1) - 101) + (-2 - -4) + 13.
-94
21 + (3 - ((20 - 40) + 15) - -62)
91
Evaluate -18 - (-1 + 97 + 0 - (1897 - 1876)).
-93
(-9 - -110) + -65 - -35
71
What is the value of (-1 - -3 - -59) + -342 + 345 + -8?
56
What is -151 - -14 - -121 - (2 + 0 - (3 + -2))?
-17
Evaluate (35 + -144 + 90 - (-15 + 1)) + 99.
94
What is (-16 - -2) + (5 + (-2 - -17) - 33)?
-27
What is the value of -1 - -7 - (2714 + -2710)?
2
-7 + -3 - -2 - 5 - -19 - 8 - 114
-116
What is 52 - -7 - 0 - 72?
-13
What is the value of 9 - 36 - (7 + -5 + -4 + (2 - -9))?
-36
(-1 - 3 - (25 + -13)) + -2 + 118
100
What is (44 - 16 - (1 - -17)) + -66?
-56
(50 - 58) + -44 - -80
28
(-38 + 18 - 13 - -30) +